75*z + 18895. What is r(5)?
20
Let l(f) = 89*f + 212. Determine l(-7).
-411
Let o(b) = -9975*b - 9976. What is o(-1)?
-1
Let n(g) = 3*g**3 - 11*g**2 + 14*g - 11. Determine n(3).
13
Let f(g) = g**2 - 14*g - 72. Calculate f(30).
408
Let a(b) = b**2 - 393*b + 1164. Determine a(390).
-6
Let r(y) = -9*y**2 - 817*y + 6166. Determine r(7).
6
Let x(j) = -j**3 + 32*j**2 - 239*j - 5. What is x(20)?
15
Let f(i) = -132*i + 52. Calculate f(2).
-212
Let s(y) = 3*y**2 + 6*y + 35. Give s(7).
224
Let w(v) = -13*v**2 - 32*v. Give w(-1).
19
Let b(l) = l**3 - 2*l**2 - 3*l + 5. Calculate b(5).
65
Let f(d) = 6*d**3 - 3*d**2 + 9*d + 9. What is f(-4)?
-459
Let x(f) = -3*f**2 + 526*f - 20635. Give x(116).
13
Let v(t) = t**2 + 27*t - 724. Calculate v(-44).
24
Let j(v) = -70*v - 380. Give j(-10).
320
Let l(f) = -268*f + 2718. What is l(10)?
38
Let j(w) = -1356*w - 5407. What is j(-4)?
17
Let x(i) = -i**2 - 633*i - 92156. Give x(-406).
6
Let i(z) = -z + 25. Give i(-34).
59
Let g(j) = -14*j - 66. Calculate g(-4).
-10
Let t(i) = i**3 + 18*i**2 + 23*i - 162. What is t(-16)?
-18
Let d(w) = 31*w + 1177. Calculate d(-27).
340
Let c(a) = 3*a**3 + 8*a**2 - 8*a - 21. Give c(-4).
-53
Let m(i) = 2*i**3 + 39*i**2 - 32*i - 66. Give m(-20).
174
Let g(b) = b**3 - 49*b**2 + 46*b - 18. What is g(48)?
-114
Let x(d) = -d**3 + 18*d**2 - 6*d - 4. What is x(7)?
493
Let o(d) = -d**3 - 9*d**2 + 2*d - 18. Give o(-8).
-98
Let c(w) = 7*w**2 - 92*w + 20. Calculate c(13).
7
Let k(j) = 10*j**2 + 51*j - 18. Determine k(-6).
36
Let g(n) = n**3 - 86*n**2 - 88*n + 87. What is g(87)?
0
Let n(w) = w**3 + 25*w**2 + 58*w - 178. Calculate n(-22).
-2
Let v(b) = b**3 - 52*b**2 - 3*b + 150. Determine v(52).
-6
Let v(q) = 99*q - 779. Determine v(13).
508
Let o(r) = 42*r + 525. Calculate o(-12).
21
Let y(i) = -461*i - 12454. What is y(-27)?
-7
Let o(i) = -83*i - 151. Give o(-4).
181
Let r(v) = 17*v**2 - 5*v. Calculate r(-2).
78
Let j(p) = 2*p**2 - 16*p - 1672. Determine j(-25).
-22
Let h(l) = l**3 + 30*l**2 - 8*l + 97. Determine h(-30).
337
Let a(n) = -97*n - 12. Calculate a(0).
-12
Let n(w) = w**3 + 53*w**2 - 173*w - 283. Give n(-56).
-3
Let x(l) = -l**3 + 50*l**2 + 52*l + 11. Determine x(51).
62
Let j(d) = -8*d**3 + 252*d**2 - 124*d + 4. Calculate j(31).
4
Let h(i) = 1149*i + 5752. What is h(-5)?
7
Let g(o) = 180*o + 2470. Calculate g(-14).
-50
Let m(p) = 4*p**2 - 56*p + 17. Calculate m(5).
-163
Let r(c) = 43700*c + 87402. What is r(-2)?
2
Let k(z) = z**3 + 46*z**2 - 153*z + 242. Calculate k(-49).
536
Let o(t) = t**2 + 70*t + 1196. What is o(-34)?
-28
Let i(c) = 13*c**3 - 3*c - 16. Determine i(-3).
-358
Let s(x) = x**2 + 611*x - 1868. What is s(3)?
-26
Let s(d) = -19453*d - 213979. What is s(-11)?
4
Let j(f) = 3*f**2 + 32*f + 29. Give j(-9).
-16
Let d(x) = 5152*x - 30897. Calculate d(6).
15
Let w(o) = 100*o**3 - 3*o**2 + 19*o + 19. Give w(-1).
-103
Let k(n) = n**3 + 41*n**2 - 288*n - 6881. Calculate k(-44).
-17
Let v(d) = -d**2 + 21*d + 360. Determine v(32).
8
Let y(n) = 41*n - 1344. Give y(36).
132
Let g(f) = -5*f**3 - 19*f**2 + 298*f - 132. Determine g(-10).
-12
Let i(q) = -q**3 - 43*q**2 - 463*q - 8. Calculate i(-21).
13
Let y(p) = -46*p + 301. Determine y(11).
-205
Let w(p) = p**2 - 89*p - 91. What is w(92)?
185
Let x(k) = -520*k - 7185. Calculate x(-14).
95
Let z(k) = -19*k + 792. What is z(42)?
-6
Let s(v) = v**2 + 43*v - 47. What is s(-15)?
-467
Let r(t) = t**2 - 62*t - 2513. Calculate r(-28).
7
Let h(i) = i**2 + 4*i + 15. Calculate h(3).
36
Let x(b) = 34*b - 396. What is x(13)?
46
Let w(v) = v**2 + 37*v - 375. Calculate w(-45).
-15
Let f(v) = -2*v**3 + 27*v**2 - 63*v + 328. Give f(12).
4
Let j(q) = 13*q**2 + 10*q - 24. Calculate j(3).
123
Let u(g) = -g**2 + 124*g + 1627. What is u(136)?
-5
Let d(n) = n**2 - 85*n + 1788. Calculate d(40).
-12
Let c(k) = -k**2 - 93*k - 518. What is c(-87)?
4
Let r(h) = -h**2 + 101*h - 2548. Calculate r(46).
-18
Let c(z) = -2*z**2 + 12*z - 20. Calculate c(6).
-20
Let z(y) = -10*y**3 + 28*y**2 + 2. What is z(3)?
-16
Let f(p) = 22*p**2 - 17*p + 14. Calculate f(1).
19
Let t(q) = -5*q**3 + 19*q - 42. What is t(2)?
-44
Let u(q) = 81*q - 153. Determine u(2).
9
Let d(o) = o**3 - 18*o**2 - 12*o + 51. What is d(18)?
-165
Let q(s) = 2*s**3 + 12*s**2 - 7*s - 53. What is q(-6)?
-11
Let s(p) = -2*p**3 + 25*p**2 - 33*p + 25. Determine s(11).
25
Let a(b) = -b**3 - 4*b**2 + 13*b - 187. What is a(0)?
-187
Let a(b) = 3*b**3 + 25*b**2 - 44*b + 50. Calculate a(-10).
-10
Let v(o) = o**3 + 9*o**2 - 22*o - 251. Calculate v(-9).
-53
Let h(s) = 9*s**2 - 6*s - 40. Determine h(-6).
320
Let b(i) = -5437*i - 21762. Calculate b(-4).
-14
Let w(i) = -53*i + 152. Determine w(0).
152
Let j(y) = -2*y**3 + 19*y**2 - 22*y - 7. Calculate j(5).
108
Let s(w) = -3*w**3 - 139*w**2 - 46*w - 7. Determine s(-46).
-7
Let y(m) = -5*m**2 - 22*m + 24. What is y(-5)?
9
Let c(g) = g**2 - 8*g - 27. Calculate c(5).
-42
Let i(b) = -b**3 + 8*b**2 - 2*b - 2. Determine i(7).
33
Let r(f) = f**2 - 84*f + 208. Give r(81).
-35
Let p(n) = -n**3 + 74*n**2 + 315*n - 232. What is p(78)?
2
Let z(y) = y**3 - 20*y**2 - 60*y + 20. Calculate z(23).
227
Let b(s) = 933*s - 7476. Calculate b(8).
-12
Let n(s) = -6*s - 106. Determine n(-18).
2
Let k(l) = -13*l**2 + 147*l + 18. Calculate k(12).
-90
Let i(m) = -m**3 + 2*m**2 + 18*m + 19. Determine i(-3).
10
Let o(q) = q**2 - 18*q + 80. What is o(4)?
24
Let h(x) = -86*x**3 + 3*x**2 - x - 3. Determine h(-1).
87
Let p(j) = -j**3 - 33*j**2 - 95*j - 64. Give p(-30).
86
Let z(g) = g**3 + 8*g**2 + 13*g + 8. What is z(-5)?
18
Let h(b) = -b**3 - 8*b**2 + 11*b - 5. Give h(-9).
-23
Let q(v) = -178*v + 6942. What is q(39)?
0
Let d(f) = 3*f**2 + 135*f - 4689. Determine d(23).
3
Let h(u) = -u**3 - 19*u**2 + 94*u + 15. Give h(-20).
-1465
Let b(r) = r**2 - 85*r + 478. Determine b(79).
4
Let j(w) = -w**2 + 604*w - 7612. Give j(13).
71
Let c(n) = -4*n**2 + 198*n + 10652. What is c(82)?
-8
Let s(p) = -p**2 + 31*p + 209. Calculate s(36).
29
Let k(s) = s**2 - 20*s - 2029. Give k(-34).
-193
Let k(x) = -14*x**2 + 111*x - 324. Calculate k(3).
-117
Let v(o) = -10*o**2 + 37*o - 12. Determine v(2).
22
Let q(l) = -2*l**3 - 268*l**2 - 267*l - 140. Determine q(-133).
-7
Let v(w) = 8*w**2 + 7*w - 113. Calculate v(-5).
52
Let t(y) = -21*y**3 - 3*y**2 + y + 3. Calculate t(-2).
157
Let v(q) = 62*q + 1789. Calculate v(-29).
-9
Let k(m) = 2*m**3 - 40*m**2 + 20*m - 404. Determine k(20).
-4
Let o(z) = 45*z**2 - 73*z + 15. Calculate o(1).
-13
Let w(f) = -359*f + 34773. What is w(97)?
-50
Let x(o) = o**3 - 35*o**2 + 163*o - 410. What is x(30)?
-20
Let u(l) = -l**2 - 84*l - 334. Determine u(-4).
-14
Let h(s) = 54*s + 303. Determine h(-13).
-399
Let n(r) = 573*r - 1785. What is n(3)?
-66
Let s(h) = -120*h - 311. Give s(-3).
49
Let w(c) = -c**2 + 50*c - 620. Determine w(27).
1
Let k(g) = -2*g**3 - 25*g**2 + 160*g + 62. Determine k(5).
-13
Let d(f) = -3*f**2 - 10*f + 126. Give d(-8).
14
Let b(c) = -424*c - 2986. Determine b(-7).
-18
Let r(s) = -67*s - 2506. Determine r(-47).
643
Let f(d) = d**2 + 26*d - 126. What is f(-30)?
-6
Let u(w) = w**3 + 49*w**2 + 485*w - 4. Determine u(-14).
66
Let x(q) = 2*q**3 + 13*q**2 - 2*q - 54. Determine x(-6).
-6
Let a(d) = -d**2 + 34*d - 233. What is a(15)?
52
Let x(k) = -118*k + 2650. Give x(23).
-64
Let m(h) = h**3 - 97*h**2 + 11*h - 1048. Give m(97).
19
Let c(u) = 3*u**2 - 38*u - 26. Give c(17).
195
Let z(u) = 45*u**3 - 25*u + 25. Calculate z(1).
45
Let a(g) = 672*g + 4717. Give a(-7).
13
Let j(d) = -2*d**2 + 192*d - 3124. Give j(21).
26
Let o(v) = -22*v - 1262. Determine o(-57).
-8
Let v(m) = 33*m + 732. Give v(-20).
72
Let z(b) = 16*b - 784. Determine z(47).
-32
Let k(y) = 252*y + 1059. Calculate k(-4).
51
Let f(u) = -11*u + 40. What is f(15)?
-125
Let d(m) = m**3 - 22*m**2 + 36*m - 68. Calculate d(19).
-467
Let i(t) = t**3 - 26*t**2 - 134*t - 88. Calculate i(-4).
-32
Let n(r) = r**2 + 49*r + 690. What is n(-23)?
92
Let k(a) = 4*a**2 - a + 1. Determine k(-2).
19
Let u(f) = 14*f - 250. Calculate u(11).
-96
Let q(h) = 136*h - 24. Determine q(0).
-24
Let f(u) = 3*u**2 + 50*u - 16. Determine f(-17).
1
Let i(n) = n**3 + 2*n**2 - n + 18. Give i(-4).
-10
Let m(g) = g**3 - 18*g**2 - 19*g + 24. Calculate m(19).
24
Let h(p) = 19*p + 290. What is h(-17)?
-33
Let i(j) = -28*j + 275. Calculate i(8).
51
Let u(f) = 